s the highest common divisor of 91 and c?
13
Let a = 126 - 122. Suppose -6*w + 36 = -a*w. Calculate the highest common factor of w and 36.
18
Let v be -2 + (49 - 0) + 6. Calculate the highest common divisor of 689 and v.
53
Let l be (-1)/3 - (-696)/9. Suppose 112*t = 24*t + 616. Calculate the highest common factor of l and t.
7
Suppose -103*h + 5 = -98*h. What is the greatest common factor of 4 and h?
1
Let q(y) be the first derivative of y**4/4 + 4*y**3 - 6*y**2 + 16*y - 3. Let z be q(-13). Calculate the greatest common divisor of 15 and z.
3
Let z be ((-91)/(-7) + -5)*9/2. Suppose -43*n + 41*n = -z. What is the greatest common factor of 72 and n?
18
Suppose -4*x + 4*o + 62 - 14 = 0, -4*o = 5*x - 60. Suppose 504 = 13*k - 7*k. What is the greatest common factor of k and x?
12
Let q(y) = -y + 147. Let a be q(12). Calculate the highest common divisor of 20 and a.
5
Let c = -212 + 263. Calculate the greatest common factor of c and 204.
51
Let v be (-24)/30 + 392/40. Calculate the greatest common divisor of 4887 and v.
9
Let w(j) = 45*j**2 + 8*j - 5. Let p be w(1). What is the greatest common factor of 168 and p?
24
Let a = -65 + 68. Suppose -5*d - a*w + 1 = -2, 0 = 4*d - w - 16. Calculate the highest common divisor of 24 and d.
3
Suppose 4*w - 2*s - 27 = -7*s, 4*w = 2*s + 34. Suppose 21*t = 17*t + w. Let q = 31 + -13. Calculate the highest common divisor of t and q.
2
Suppose -3*a - 78 = -q, 2*a - a + 26 = -q. Let v = a + 30. Calculate the greatest common divisor of v and 44.
4
Suppose 2 = 13*s - 15*s. Let c be (-17)/(-51)*(-60)/s. Let g = c - 15. What is the highest common factor of 5 and g?
5
Let j(s) = s**3 - 2*s**2 - 15*s + 1. Let n be j(5). Calculate the highest common factor of n and 13.
1
Let n be (-2)/4 - 365/10. Let u be 4 + -7 - (n - -1). Let z = -56 + 59. What is the highest common factor of u and z?
3
Let u be (-5)/(25/(-348)) - (-36)/90. Suppose 0 = f + 5*r + 14 - 43, 0 = 5*f - 4*r - 58. What is the greatest common factor of f and u?
14
Let c(b) = 41*b + 2. Let s be c(3). Suppose 0 = -w - 3*w. Suppose 25 = t - w*t. Calculate the greatest common factor of t and s.
25
Let y = 58 + 37. Suppose 18 = q - 20. What is the highest common divisor of q and y?
19
Suppose 1 = -2*m + 7. Suppose -12 = -m*c + n, -21 = -4*c + c + 4*n. Calculate the greatest common divisor of 12 and c.
3
Let c be (-35)/(-13 - -8) - -133. What is the highest common divisor of 385 and c?
35
Suppose -119*s + 171*s - 31824 = 0. What is the highest common factor of s and 36?
36
Suppose r = 17 + 22. Suppose -5*w = a + 1, 0*w + 3*w + r = a. What is the highest common factor of 48 and a?
24
Suppose -i + 0 = 3. Let k be 2*i/6*-2. Let p(m) = 11*m + 2. Let z be p(k). Calculate the highest common factor of z and 16.
8
Let u be (-8 - -38)/((-15)/(-590)). Calculate the highest common factor of u and 4.
4
Suppose -i + 28*i = 3024. Calculate the greatest common factor of i and 128.
16
Let g(v) = 10*v - 4. Let r be g(7). Let y = -143 - -187. What is the highest common factor of r and y?
22
Suppose -12111 = -101*m + 1524. What is the greatest common factor of 60 and m?
15
Suppose 0 = -5*w + 34 + 156. What is the greatest common factor of w and 19?
19
Let w be 166/10 + 4/10. Let i(t) = 5*t**2 + t. Let u be i(-1). Suppose -u*g - 3*g = -238. Calculate the greatest common factor of w and g.
17
Let h = 86 + 50. Let o = -10 + 15. Suppose -5*q + 79 = -2*f + 4*f, 5*q + o*f - 70 = 0. What is the greatest common divisor of h and q?
17
Suppose a - 5*a - 5*t + 9 = 0, 2*t = a - 12. Let u(o) = 1 - 4*o + 5 - a. Let g be u(-1). Calculate the greatest common factor of 12 and g.
4
Suppose -g + 3*z - 13 = 4*z, 4*g = -2*z - 54. Let v be g/4*-6 - (-1 + 0). What is the highest common divisor of v and 11?
11
Let h = 291 + 21. Let i(o) = 7*o**2 + 888*o - 103. Let t be i(-127). Calculate the greatest common factor of h and t.
24
Let s = 285 + -274. Let l(d) = -d**2 + 7*d - 5. Let p be l(5). Let j = p + -4. Calculate the greatest common divisor of j and s.
1
Let t = -210 + 225. Calculate the greatest common factor of 12 and t.
3
Let k = -49 + 72. Calculate the highest common factor of 1 and k.
1
Let i = 1647 + -1623. Calculate the highest common factor of i and 552.
24
Suppose -20*o = 3*o - 598. Calculate the greatest common divisor of o and 221.
13
Let p(t) = t**2 + 15*t - 16. Suppose -5*o - 78 = -3*s, 2*o + 6 = o + 3*s. Let b be p(o). Calculate the highest common divisor of 57 and b.
19
Let y(m) = m**3 - 4*m**2 - 7*m + 12. Let q be y(5). Suppose 0 = -5*s + q*s - 60. Let l be 5/((s/176)/(-5)). Calculate the highest common divisor of 20 and l.
20
Let v be (119 - -1*1) + -55 + 54. Suppose -v + 753 = 4*r + 3*a, 470 = 3*r + 5*a. Calculate the greatest common factor of r and 16.
16
Suppose 468 = -175*u + 187*u. Calculate the greatest common divisor of 728 and u.
13
Suppose 4*t + 4*n - 184 = 0, 2*n - 4*n = -6. What is the highest common factor of 473 and t?
43
Let z(c) = -7*c + 1. Let o be 3/((-6)/32*2). Let a = o + 7. Let h be z(a). What is the highest common factor of h and 16?
8
Suppose h = -5*v + 19173, 2*v + 7*h - 7315 - 374 = 0. Calculate the highest common divisor of 54 and v.
54
Let s be (-36)/(-2)*3/6. Let q(z) = z**2 - 7*z + 20. Let k be q(s). Let n = k - 23. What is the highest common factor of 60 and n?
15
Suppose 4*y = 17*y - 2145. Calculate the greatest common factor of 55 and y.
55
Let i = -20 - -8. Let c be (22/8)/((-3)/i). Let q(r) = -4*r + 20. Let u be q(-6). Calculate the greatest common factor of u and c.
11
Let q(c) = -c**2 - 6*c + 8. Let y be q(-6). Suppose 42*m + 25 = 193. Suppose p = m + y. Calculate the highest common factor of p and 18.
6
Let i(b) = -3*b**2 - 11*b - 43. Let l(p) = -p**2 - 5*p - 22. Let q(y) = -2*i(y) + 5*l(y). Let n be q(7). Calculate the highest common divisor of 36 and n.
4
Suppose 5*u + 3*v = 45, -2*v - 4 = 5*u - 44. Let d be (-6)/39 + 236/13. Calculate the greatest common divisor of u and d.
6
Let t(c) = 12*c**2 - 2*c + 6. Let u be t(4). Let z = -138 + u. Suppose n - 54 = 76. What is the greatest common factor of n and z?
26
Let p be 1/(1 + -2)*-2. Suppose -5*q + 95 = 5*a, 2*q - 6 = 4. Let t be a/3 + (14/(-3) - -4). Calculate the greatest common factor of t and p.
2
Suppose 764 = 6*p + 236. Suppose 2*d - 86 - p = 0. Calculate the highest common factor of d and 29.
29
Suppose 4*j - 12 = 2*d, 475*d - 471*d - 26 = -2*j. Let f be ((-1)/(-4))/(1/4). What is the highest common divisor of j and f?
1
Let u be ((-95)/20*-4)/1. Let d be ((-228)/(-18))/(2/3). Calculate the highest common factor of d and u.
19
Suppose -862 = -5*y - 2*q, -4*y = 4*q - 1032 + 352. Let h be 8/(-10) - y/(-30). Calculate the greatest common divisor of 5 and h.
5
Let w(d) = -28*d + 119. Let x be w(4). What is the greatest common factor of 133 and x?
7
Let o = 100 + -56. Suppose 2*h - 22 = 2*g, 2*h + 5*g - 38 = -65. Calculate the highest common divisor of o and h.
4
Let i be (-72)/(-60)*(0 + (-225)/(-6)). Calculate the highest common factor of 35 and i.
5
Let r be (21/14)/(6/56). Calculate the greatest common factor of 6 and r.
2
Suppose -l - a + 7 = 0, 5*l + 0*a = -4*a + 31. What is the highest common factor of l and 3?
3
Let s(o) = -o**2 + 31*o - 188. Let a be s(11). Calculate the highest common divisor of a and 8.
8
Let p = -27 - -37. Let z be (1 - 5) + (p - 2). Calculate the highest common divisor of z and 12.
4
Let k = 11 + -7. Let f(a) = 10*a**2 - 4*a**2 + 4*a - k*a**3 + 6 + 5*a**3. Let g be f(-5). What is the highest common factor of 66 and g?
11
Let q be (-96)/14*(-224)/3. Calculate the greatest common factor of 12 and q.
4
Suppose 3*j + 132 = 5*j. Suppose 0 = 2*m - 5*o - 81 + 59, -28 = -3*m + 5*o. What is the highest common factor of j and m?
6
Let o = -82 - -4. Let r = o + 275. Suppose -4*k + 19 = -r. What is the greatest common factor of 81 and k?
27
Let h be ((-14)/(-42))/((-1)/6). Let n be 3/(h/(-3)*(-10)/(-20)). What is the highest common factor of n and 72?
9
Let j be (3 - 35/10)*(1 + -27). Suppose -5*k + 9*k = 8. Suppose 3*c - 5*c + 228 = 3*p, 4*c - 472 = k*p. Calculate the greatest common divisor of j and c.
13
Suppose 11*s = 65 + 56. What is the greatest common divisor of s and 1408?
11
Suppose 0*v = v + o - 80, -4*v - 3*o = -325. Calculate the highest common divisor of 17 and v.
17